7901.
5757901
What are the prime factors of 67635?
3, 5, 167
What are the prime factors of 2673436?
2, 193, 3463
What are the prime factors of 228799?
228799
What are the prime factors of 348905?
5, 31, 2251
What are the prime factors of 226378?
2, 113189
List the prime factors of 71037.
3, 877
What are the prime factors of 255709?
255709
List the prime factors of 1888976.
2, 118061
What are the prime factors of 1433710?
2, 5, 311, 461
What are the prime factors of 332335?
5, 66467
List the prime factors of 8016391.
401, 19991
List the prime factors of 3565488.
2, 3, 59, 1259
List the prime factors of 2298081.
3, 113, 6779
List the prime factors of 12054225.
3, 5, 160723
What are the prime factors of 91332?
2, 3, 43, 59
List the prime factors of 89531.
13, 71, 97
List the prime factors of 1920996.
2, 3, 7, 11
List the prime factors of 9711884.
2, 7, 13, 26681
What are the prime factors of 123186?
2, 3, 7, 419
What are the prime factors of 9426787?
9426787
List the prime factors of 4833795.
3, 5, 23, 14011
List the prime factors of 128381.
11, 1061
List the prime factors of 1552380.
2, 3, 5, 25873
List the prime factors of 2713395.
3, 5, 37, 4889
What are the prime factors of 1509222?
2, 3, 11, 13, 1759
What are the prime factors of 11296926?
2, 3, 569, 1103
What are the prime factors of 1246347?
3, 23, 223
List the prime factors of 361224.
2, 3, 29, 173
List the prime factors of 342295.
5, 17, 4027
List the prime factors of 67141.
67141
What are the prime factors of 12449651?
1789, 6959
What are the prime factors of 6580969?
157, 167, 251
What are the prime factors of 574106?
2, 13, 71, 311
List the prime factors of 213173.
213173
What are the prime factors of 385344?
2, 3, 223
List the prime factors of 604542.
2, 3, 19, 5303
List the prime factors of 83400.
2, 3, 5, 139
List the prime factors of 322713.
3, 23, 1559
What are the prime factors of 834725?
5, 173, 193
List the prime factors of 61602.
2, 3, 10267
List the prime factors of 1526847.
3, 7, 72707
What are the prime factors of 3252834?
2, 3, 13, 13901
List the prime factors of 3265510.
2, 5, 251, 1301
What are the prime factors of 16749052?
2, 31, 293, 461
What are the prime factors of 310089?
3, 13, 7951
List the prime factors of 754731.
3, 27953
What are the prime factors of 18189493?
7, 431, 6029
What are the prime factors of 248398?
2, 124199
What are the prime factors of 96887?
7, 13841
List the prime factors of 81027.
3, 3001
What are the prime factors of 5947750?
2, 5, 37, 643
What are the prime factors of 9593286?
2, 3, 37, 79, 547
What are the prime factors of 250112?
2, 977
List the prime factors of 207985.
5, 41597
What are the prime factors of 293355?
3, 5, 41, 53
List the prime factors of 586934.
2, 293467
List the prime factors of 2668993.
2668993
What are the prime factors of 3342927?
3, 7, 22741
What are the prime factors of 153265?
5, 7, 29, 151
What are the prime factors of 1726176?
2, 3, 17981
List the prime factors of 1021579.
13, 78583
What are the prime factors of 212573?
212573
What are the prime factors of 21137683?
7, 941, 3209
List the prime factors of 29141503.
2333, 12491
What are the prime factors of 27868486?
2, 13934243
What are the prime factors of 2463838?
2, 13, 193, 491
What are the prime factors of 83663?
83663
What are the prime factors of 27727028?
2, 7, 181, 5471
What are the prime factors of 710440?
2, 5, 17761
What are the prime factors of 272358?
2, 3, 15131
What are the prime factors of 190576?
2, 43, 277
List the prime factors of 18260911.
2999, 6089
List the prime factors of 183924.
2, 3, 13, 131
What are the prime factors of 1771400?
2, 5, 17, 521
What are the prime factors of 2314712?
2, 89, 3251
What are the prime factors of 97480?
2, 5, 2437
What are the prime factors of 2047564?
2, 511891
What are the prime factors of 6238622?
2, 13, 239947
What are the prime factors of 14115563?
7, 11, 183319
What are the prime factors of 171990?
2, 3, 5, 7, 13
What are the prime factors of 164962?
2, 7, 11783
List the prime factors of 942788.
2, 7, 11, 3061
What are the prime factors of 906220?
2, 5, 7, 6473
List the prime factors of 13928316.
2, 3, 271, 4283
What are the prime factors of 3262639?
3262639
What are the prime factors of 14042094?
2, 3, 11, 151, 1409
List the prime factors of 230589.
3, 25621
What are the prime factors of 8536616?
2, 11, 97007
What are the prime factors of 3362205?
3, 5, 7, 11, 41, 71
List the prime factors of 13263887.
7, 13, 145757
What are the prime factors of 401905?
5, 7, 11483
List the prime factors of 1473046.
2, 509, 1447
What are the prime factors of 1362462?
2, 3, 97, 2341
List the prime factors of 109053.
3, 7, 577
What are the prime factors of 257881?
13, 83, 239
List the prime factors of 4587770.
2, 5, 11, 179, 233
List the prime factors of 2755834.
2, 37, 167, 223
List the prime factors of 30739668.
2, 3, 41, 43, 1453
What are the prime factors of 24506797?
7, 109, 32119
List the prime factors of 60766.
2, 23, 1321
List the prime factors of 222359.
229, 971
What are the prime factors of 2785378?
2, 101, 13789
What are the prime factors of 842911?
17, 179, 277
What are the prime factors of 4532612?
2, 7, 161879
List the prime factors of 4124351.
7, 11, 29, 1847
What are the prime factors of 1463798?
2, 7, 19, 5503
What are the prime factors of 8804819?
211, 41729
List the prime factors of 28143.
3, 53, 59
What are the prime factors of 366887?
181, 2027
List the prime factors of 567970.
2, 5, 13, 17, 257
List the prime factors of 9641509.
97, 99397
List the prime factors of 442208.
2, 13, 1063
What are the prime factors of 10621865?
5, 73, 29101
What are the prime factors of 1158358?
2, 579179
List the prime factors of 1697119.
229, 7411
What are the prime factors of 18960?
2, 3, 5, 79
List the prime factors of 34877.
34877
What are the prime factors of 418510?
2, 5, 41851
List the prime factors of 581477.
13, 44729
List the prime factors of 3912263.
3912263
What are the prime factors of 363704?
2, 11, 4133
What are the prime factors of 2904036?
2, 3, 19, 47, 271
What are the prime factors of 1397766?
2, 3, 232961
What are the prime factors of 354930?
2, 3, 5, 11831
List the prime factors of 5466241.
11, 47, 97, 109
What are the prime factors of 576121?
7, 13, 487
List the prime factors of 20305558.
2, 7, 13, 31, 59, 61
What are the prime factors of 185480?
2, 5, 4637
What are the prime factors of 1173894?
2, 3, 97, 2017
List the prime factors of 425802.
2, 3, 13, 53, 103
What are the prime factors of 1228314?
2, 3, 204719
What are the prime factors of 5781097?
7, 31, 26641
List the prime factors of 1147386.
2, 3, 191231
What are the prime factors of 516207?
3, 172069
List the prime factors of 296050.
2, 5, 31, 191
List the prime factors of 589495.
5, 117899
What are the prime factors of 109910?
2, 5, 29, 379
List the prime factors of 6620571.
3, 163, 4513
What are the prime factors of 109987?
109987
List the prime factors of 1680244.
2, 37, 11353
What are the prime factors of 7515165?
3, 5, 7, 19, 3767
What are the prime factors of 70737?
3, 17, 19, 73
List the prime factors of 1185795.
3, 5, 13, 2027
What are the prime factors of 738?
2, 3, 41
What are the prime factors of 348653?
17, 20509
What are the prime factors of 32825936?
2, 11, 13, 14347
List the prime factors of 306258.
2, 3, 51043
List the prime factors of 1060123.
1060123
List the prime factors of 1024537.
19, 53923
What are the prime factors of 1512014?
2, 7, 17, 6353
What are the prime factors of 15864444?
2, 3, 146893
List the prime factors of 38557296.
2, 3, 47, 211
What are the prime factors of 214704?
2, 3, 7, 71
What are the prime factors of 34623?
3, 3847
List the prime factors of 734929.
13, 56533
What are the prime factors of 580393?
11, 19, 2777
List the prime factors of 26024.
2, 3253
List the prime factors of 2955719.
13, 227363
What are the prime factors of 4447140?
2, 3, 5, 19, 47, 83
What are the prime factors of 508641?
3, 7, 53, 457
What are the prime factors of 9786804?
2, 3, 29, 28123
What are the prime factors of 507036?
2, 3, 29, 31, 47
List the prime factors of 641360.
2, 5, 8017
List the prime factors of 2122966.
2, 1061483
What are the prime factors of 319781?
7, 11, 4153
What are the prime factors of 5358034?
2, 11